{"id":1206,"date":"2025-08-13T19:29:01","date_gmt":"2025-08-13T17:29:01","guid":{"rendered":"https:\/\/www.suedcon.de\/wordpress\/?page_id=1206"},"modified":"2025-08-22T13:48:43","modified_gmt":"2025-08-22T11:48:43","slug":"der-midgard-suedcon-2025","status":"publish","type":"page","link":"https:\/\/www.suedcon.de\/wordpress\/der-midgard-suedcon-2025\/","title":{"rendered":"Der Midgard S\u00fcdCon 2025 &#8211; Jubil\u00e4umscon mit 5 Tagen!"},"content":{"rendered":"\n<p><\/p>\n\n\n<p>Hall\u00f6chen,<\/p>\n<p>das S\u00fcdcon-Team m\u00f6chte Euch herzlichst zum 25. S\u00fcdcon einladen!<br \/>Der Con findet auch dieses Jahr wieder auf Burg Wildenstein statt.<\/p>\n<p>Nur wer per E-Mail von uns eine Einladung erh\u00e4lt oder sich \u00fcber diese Seite anmeldet, kann als Besucher am Midgard-S\u00fcdcon teilnehmen!<\/p>\n<p><u>Die Fakten zum 25. Midgard S\u00fcdcon:<\/u><\/p>\n<p><strong>Termin:<\/strong> <em>Mittwoch<\/em> 19. November bis <em>Sonntag<\/em> 23. November 2025<\/p>\n<p><strong>Anreise:<\/strong> wahlweise Mittwoch, Donnerstag oder Freitag<\/p>\n<p><strong>Veranstaltungsort:<\/strong> Burg Wildenstein in 88637 Leibertingen (Schw\u00e4bische Alb)<\/p>\n<p><strong>Teilnahmebeitrag:<\/strong><\/p>\n<ul>\n<li><em>150 Euro Anreise Freitag<\/em>, zwei \u00dcbernachtungen mit Vollpension<\/li>\n<li><em>205 Euro Anreise Donnerstag<\/em>, drei \u00dcbernachtungen mit Vollpension<\/li>\n<li><em>260 Euro Anreise Mittwoch<\/em>, vier \u00dcbernachtungen mit Vollpension<\/li>\n<\/ul>\n<p><strong>Erm\u00e4\u00dfigter Teilnahmebeitrag gegen Nachweis:<\/strong><\/p>\n<ul>\n<li><em>130 Euro Anreise Freitag<\/em>, zwei \u00dcbernachtungen mit Vollpension<\/li>\n<li><em>185 Euro Anreise Donnerstag<\/em>, drei \u00dcbernachtungen mit Vollpension<\/li>\n<li><em>240 Euro Anreise Mittwoch<\/em>, vier \u00dcbernachtungen mit Vollpension<\/li>\n<\/ul>\n<p>Kinder bis 2 Jahren k\u00f6nnen in Begleitung eines Elternteils umsonst am Con teilnehmen. Kinder zwischen 3 und 14 Jahren zahlen in Begleitung eines Elternteils die H\u00e4lfte des Beitrags!<\/p>\n<p>Wie in jedem Jahr werden die Pl\u00e4tze in der Reihenfolge des Zahlungseingangs vergeben. Die Anmeldung \u00fcber das Anmeldeformular ist wegen der Datenverarbeitung zwar notwendig, f\u00fchrt aber alleine noch nicht zur Platzreservierung!<\/p>\n<p><em>Wie geht also nun die Anmeldung vonstatten?<\/em><\/p>\n<ol>\n<li>\u00dcberweise den f\u00e4lligen Teilnahmebeitrag (siehe oben bzw. den halben Betrag f\u00fcr Kinder zwischen 3 und 14 Jahren) auf folgendes Konto:<br \/><u>Bank:<\/u> Sparkasse Mainfranken<br \/><u>Inhaber:<\/u> S\u00fcdcon e.V.<br \/><u>Konto:<\/u> 47022611<br \/><u>BLZ:<\/u> 790 500 00<br \/><u>BIC:<\/u> BYLADEM1SWU<br \/><u>IBAN:<\/u> DE23 7905 0000 0047 0226 11<\/li>\n<li>Achte dabei auf den <u>Verwendungszweck:<\/u> SC25 &#8211; Name, Vorname<br \/>(bei Sammel\u00fcberweisung bitte alle Namen!)<\/li>\n<li>F\u00fclle das auf unserer Webseite bereitgestellte <a title=\"Hier gehts zum Anmeldeformular\" href=\"http:\/\/www.suedcon.de\/wordpress\/veranstaltung\/anmeldung\/\" target=\"_blank\" rel=\"noopener noreferrer\">Anmeldeformular<\/a> vollst\u00e4ndig aus und dr\u00fccke den &#8222;Senden&#8220;-Button &#8212; f\u00fcr jede angemeldete Person muss ein eigenes Formular ausgef\u00fcllt werden!<\/li>\n<li>Warte auf die Anmeldebest\u00e4tigung &#8212; wir schicken sie i. d. R. kurze Zeit nach dem Zahlungseingang zu. Nat\u00fcrlich nur, wenn uns bis dahin das Anmeldeformular mit deinen Daten erreicht hat.<\/li>\n<li>Komme am 19., 20. bzw. 21. November 2025 zum S\u00fcdcon \ud83d\ude09<\/li>\n<\/ol>\n<p>Alle aktuellen Informationen findest du hier auf der Webseite unter dem Men\u00fcpunkt &#8222;<a href=\"http:\/\/www.suedcon.de\/wordpress\/\">Startseite<\/a>&#8222;<\/p>\n<p>Also melde dich schnell an, bevor die Pl\u00e4tze (es gibt nur 120) vergeben sind!<\/p>\n<p>Euer S\u00fcdcon-OrgaTeam<\/p>\n<p><strong>FAQ:<\/strong><\/p>\n<ul>\n<li>Ich habe viele Freunde und w\u00fcrde sehr gerne mit ihnen in einem Zimmer liegen.<\/li>\n<\/ul>\n<p><em>Dieser Fall ist uns der liebste, denn so k\u00f6nnen wir auch die etwas gr\u00f6\u00dferen Zimmer belegen. Bitte gib doch einfach die Namen der Wunschkandidaten auf dem Anmeldeformular an.<\/em><\/p>\n<ul>\n<li>Ich h\u00e4tte gerne ein Einzel-, Doppel-, Dreier- oder maximal Viererzimmer.<\/li>\n<\/ul>\n<p><em>Generell versuchen wir unsere G\u00e4ste in den besten Zimmern unterzubringen. Leider ist die Anzahl der kleineren Zimmer sehr begrenzt und sie werden in erster Linie nach Alter und\/oder Bed\u00fcrftigkeit vergeben. Gib doch einfach deine Sonderw\u00fcnsche auf dem Anmeldeformular im Feld f\u00fcr die Mitbewohner an und wir versuchen unser M\u00f6glichstes. Sei aber bitte nicht entt\u00e4uscht, wenn es nicht klappt. Grunds\u00e4tzlich ist es wichtig, dass du auf dem Anmeldeformular angibst, mit wem du sonst noch gerne auf einem Zimmer w\u00e4rst.<\/em><\/p>\n<ul>\n<li>Ich bin Vegetarier und\/oder Lebensmittelallergiker.<\/li>\n<\/ul>\n<p><em>Bitte gib das doch einfach auf dem Anmeldeformular an, wir leiten das an die Burgk\u00fcche weiter. Bei Sonderw\u00fcnschen bitten wir zu beachten, dass es sich um eine Jugendherbergsk\u00fcche handelt, die im Rahmen einer Gemeinschaftsverpflegung schnell an ihre Grenzen sto\u00dfen kann.<\/em><\/p>\n<ul>\n<li>Ich will mit dem Zug kommen und brauche einen Lift vom Bahnhof Beuron.<\/li>\n<\/ul>\n<p><em>Dieses Jahr wird es drei Anreisetage geben und wir sehen dass wir die Abholungen in der bisherigen Form nicht mehr leisten k\u00f6nnen. Wir werden weniger Fahrten anbieten, so das entsprechend Wartezeiten auftreten k\u00f6nnen. <\/em><br \/><strong><em>Die beste L\u00f6sung w\u00e4re dass Ihr Euch soweit m\u00f6glich selbst organisiert <a href=\"https:\/\/www.midgard-forum.de\/forum\/topic\/43585-mfg-s%C3%BCdcon-2025\/\" target=\"_blank\" rel=\"noopener\">(Midgard-Forum)<\/a>.<\/em><\/strong><br \/><em>Falls jemand zur Burg hoch laufen m\u00f6chte bitte keinesfalls sp\u00e4ter als 14:00 Uhr starten, um es sicher vor Einsetzen der Dunkelheit zu schaffen.<\/em><\/p>\n<p><em>Bitte <strong>mailt uns sp\u00e4testens bis zum 31.10. wenn Ihr dennoch bei der Anreise mit der Bahn die Abholung durch uns ben\u00f6tigt<\/strong>, wir werden dann diese Leute kurz vor dem Con nochmal kontaktieren und die (neue) g\u00fcltige Telefonnummer f\u00fcr den Kontakt durchgeben. Eure erhoffte Ankunftszeit br\u00e4uchten wir dann am Tag der Ankunft nochmal rechtzeitig als Best\u00e4tigung.<\/em><\/p>\n<ul>\n<li>Ich habe sonst noch Fragen und\/oder Sonderw\u00fcnsche.<\/li>\n<\/ul>\n<p><em>Einfach eine Mail an <\/em>anmeldung -at- suedcon -punkt- de<em> und dir wird umgehend geholfen&#8230;<\/em><\/p>","protected":false},"excerpt":{"rendered":"<p>Hall\u00f6chen, das S\u00fcdcon-Team m\u00f6chte Euch herzlichst zum 25. S\u00fcdcon einladen!Der Con findet auch dieses Jahr wieder auf Burg Wildenstein statt. Nur wer per E-Mail von uns eine Einladung erh\u00e4lt oder sich \u00fcber diese Seite anmeldet, kann als Besucher am Midgard-S\u00fcdcon &hellip; <a href=\"https:\/\/www.suedcon.de\/wordpress\/der-midgard-suedcon-2025\/\">Weiterlesen <span class=\"meta-nav\">&rarr;<\/span><\/a><\/p>\n","protected":false},"author":5,"featured_media":0,"parent":0,"menu_order":0,"comment_status":"closed","ping_status":"closed","template":"","meta":[],"_links":{"self":[{"href":"https:\/\/www.suedcon.de\/wordpress\/wp-json\/wp\/v2\/pages\/1206"}],"collection":[{"href":"https:\/\/www.suedcon.de\/wordpress\/wp-json\/wp\/v2\/pages"}],"about":[{"href":"https:\/\/www.suedcon.de\/wordpress\/wp-json\/wp\/v2\/types\/page"}],"author":[{"embeddable":true,"href":"https:\/\/www.suedcon.de\/wordpress\/wp-json\/wp\/v2\/users\/5"}],"replies":[{"embeddable":true,"href":"https:\/\/www.suedcon.de\/wordpress\/wp-json\/wp\/v2\/comments?post=1206"}],"version-history":[{"count":8,"href":"https:\/\/www.suedcon.de\/wordpress\/wp-json\/wp\/v2\/pages\/1206\/revisions"}],"predecessor-version":[{"id":1226,"href":"https:\/\/www.suedcon.de\/wordpress\/wp-json\/wp\/v2\/pages\/1206\/revisions\/1226"}],"wp:attachment":[{"href":"https:\/\/www.suedcon.de\/wordpress\/wp-json\/wp\/v2\/media?parent=1206"}],"curies":[{"name":"wp","href":"https:\/\/api.w.org\/{rel}","templated":true}]}}