{"id":31,"date":"2011-05-31T17:59:53","date_gmt":"2011-05-31T15:59:53","guid":{"rendered":"http:\/\/www.suedcon.de\/wordpress\/?page_id=31"},"modified":"2017-08-30T00:23:58","modified_gmt":"2017-08-29T22:23:58","slug":"veranstaltungsort","status":"publish","type":"page","link":"https:\/\/www.suedcon.de\/wordpress\/veranstaltung\/veranstaltungsort\/","title":{"rendered":"Veranstaltungsort"},"content":{"rendered":"<p>Der Veranstaltungsort des S\u00fcdcon ist (normalerweise) die Jugendherberge Burg Wildenstein in 88637 Leibertingen (Schw\u00e4bische Alb). N\u00e4here Informationen zur Jugendherberge findet ihr auf der Webseite: <a href=\"http:\/\/leibertingen-wildenstein.jugendherberge-bw.de\/\"> Jugendherberge Burg Wildenstein<\/a><\/p>\n<p>Wer zum ersten Mal auf den S\u00fcdcon kommt, dem m\u00f6ge die folgende Karte zur Orientierung dienen:<\/p>\n<p><a href=\"http:\/\/www.suedcon.de\/wordpress\/wp-content\/uploads\/2011\/05\/leibertingen.jpg\"><img decoding=\"async\" loading=\"lazy\" class=\"aligncenter size-full wp-image-75\" title=\"leibertingen\" src=\"http:\/\/www.suedcon.de\/wordpress\/wp-content\/uploads\/2011\/05\/leibertingen.jpg\" alt=\"\" width=\"591\" height=\"449\" srcset=\"https:\/\/www.suedcon.de\/wordpress\/wp-content\/uploads\/2011\/05\/leibertingen.jpg 591w, https:\/\/www.suedcon.de\/wordpress\/wp-content\/uploads\/2011\/05\/leibertingen-300x227.jpg 300w\" sizes=\"(max-width: 591px) 100vw, 591px\" \/><\/a><\/p>\n<p>Hier zur Einstimmung noch ein paar Bilder der Burg:<\/p>\n<p><a href=\"http:\/\/www.suedcon.de\/wordpress\/wp-content\/uploads\/2011\/05\/DSC03282.jpg\"><img decoding=\"async\" loading=\"lazy\" class=\"alignleft size-medium wp-image-77\" title=\"DSC03282\" src=\"http:\/\/www.suedcon.de\/wordpress\/wp-content\/uploads\/2011\/05\/DSC03282-300x225.jpg\" alt=\"\" width=\"300\" height=\"225\" srcset=\"https:\/\/www.suedcon.de\/wordpress\/wp-content\/uploads\/2011\/05\/DSC03282-300x225.jpg 300w, https:\/\/www.suedcon.de\/wordpress\/wp-content\/uploads\/2011\/05\/DSC03282-1024x768.jpg 1024w, https:\/\/www.suedcon.de\/wordpress\/wp-content\/uploads\/2011\/05\/DSC03282.jpg 1632w\" sizes=\"(max-width: 300px) 100vw, 300px\" \/><\/a><\/p>\n<p>&nbsp;<\/p>\n<p>&nbsp;<\/p>\n<p>&nbsp;<\/p>\n<p>&nbsp;<\/p>\n<p>&nbsp;<\/p>\n<p>&nbsp;<\/p>\n<p><a href=\"http:\/\/www.suedcon.de\/wordpress\/wp-content\/uploads\/2011\/05\/DSC04081.jpg\"><img decoding=\"async\" loading=\"lazy\" class=\"alignleft size-medium wp-image-80\" title=\"DSC04081\" src=\"http:\/\/www.suedcon.de\/wordpress\/wp-content\/uploads\/2011\/05\/DSC04081-300x225.jpg\" alt=\"\" width=\"300\" height=\"225\" srcset=\"https:\/\/www.suedcon.de\/wordpress\/wp-content\/uploads\/2011\/05\/DSC04081-300x225.jpg 300w, https:\/\/www.suedcon.de\/wordpress\/wp-content\/uploads\/2011\/05\/DSC04081-1024x768.jpg 1024w, https:\/\/www.suedcon.de\/wordpress\/wp-content\/uploads\/2011\/05\/DSC04081.jpg 1632w\" sizes=\"(max-width: 300px) 100vw, 300px\" \/><\/a><\/p>\n<p>&nbsp;<\/p>\n<p>&nbsp;<\/p>\n<p>&nbsp;<\/p>\n<p>&nbsp;<\/p>\n<p>&nbsp;<\/p>\n<p>&nbsp;<\/p>\n<p><a href=\"http:\/\/www.suedcon.de\/wordpress\/wp-content\/uploads\/2011\/05\/Treppe-Bastei-768x1024.jpg\"><img decoding=\"async\" loading=\"lazy\" class=\"alignleft size-medium wp-image-327\" title=\"Treppe-Bastei-768x1024\" src=\"http:\/\/www.suedcon.de\/wordpress\/wp-content\/uploads\/2011\/05\/Treppe-Bastei-768x1024-225x300.jpg\" alt=\"Treppe zur Bastei\" width=\"300\" height=\"225\" \/><\/a><\/p>\n","protected":false},"excerpt":{"rendered":"<p>Der Veranstaltungsort des S\u00fcdcon ist (normalerweise) die Jugendherberge Burg Wildenstein in 88637 Leibertingen (Schw\u00e4bische Alb). N\u00e4here Informationen zur Jugendherberge findet ihr auf der Webseite: Jugendherberge Burg Wildenstein Wer zum ersten Mal auf den S\u00fcdcon kommt, dem m\u00f6ge die folgende Karte &hellip; <a href=\"https:\/\/www.suedcon.de\/wordpress\/veranstaltung\/veranstaltungsort\/\">Weiterlesen <span class=\"meta-nav\">&rarr;<\/span><\/a><\/p>\n","protected":false},"author":1,"featured_media":0,"parent":26,"menu_order":1,"comment_status":"closed","ping_status":"open","template":"","meta":[],"_links":{"self":[{"href":"https:\/\/www.suedcon.de\/wordpress\/wp-json\/wp\/v2\/pages\/31"}],"collection":[{"href":"https:\/\/www.suedcon.de\/wordpress\/wp-json\/wp\/v2\/pages"}],"about":[{"href":"https:\/\/www.suedcon.de\/wordpress\/wp-json\/wp\/v2\/types\/page"}],"author":[{"embeddable":true,"href":"https:\/\/www.suedcon.de\/wordpress\/wp-json\/wp\/v2\/users\/1"}],"replies":[{"embeddable":true,"href":"https:\/\/www.suedcon.de\/wordpress\/wp-json\/wp\/v2\/comments?post=31"}],"version-history":[{"count":30,"href":"https:\/\/www.suedcon.de\/wordpress\/wp-json\/wp\/v2\/pages\/31\/revisions"}],"predecessor-version":[{"id":509,"href":"https:\/\/www.suedcon.de\/wordpress\/wp-json\/wp\/v2\/pages\/31\/revisions\/509"}],"up":[{"embeddable":true,"href":"https:\/\/www.suedcon.de\/wordpress\/wp-json\/wp\/v2\/pages\/26"}],"wp:attachment":[{"href":"https:\/\/www.suedcon.de\/wordpress\/wp-json\/wp\/v2\/media?parent=31"}],"curies":[{"name":"wp","href":"https:\/\/api.w.org\/{rel}","templated":true}]}}