{"id":722,"date":"2017-11-27T22:50:47","date_gmt":"2017-11-27T21:50:47","guid":{"rendered":"http:\/\/www.suedcon.de\/wordpress\/?page_id=722"},"modified":"2018-08-09T00:04:43","modified_gmt":"2018-08-08T22:04:43","slug":"fotoalbum-suedcon-2017","status":"publish","type":"page","link":"https:\/\/www.suedcon.de\/wordpress\/veranstaltung\/fotoalbum-suedcon-2017\/","title":{"rendered":"Fotoalbum S\u00fcdcon 2017"},"content":{"rendered":"<div id=\"box-2\">\n<div>\n\n\t\t<style type=\"text\/css\">\n\t\t\t#gallery-1 {\n\t\t\t\tmargin: auto;\n\t\t\t}\n\t\t\t#gallery-1 .gallery-item {\n\t\t\t\tfloat: left;\n\t\t\t\tmargin-top: 10px;\n\t\t\t\ttext-align: center;\n\t\t\t\twidth: 25%;\n\t\t\t}\n\t\t\t#gallery-1 img {\n\t\t\t\tborder: 2px solid #cfcfcf;\n\t\t\t}\n\t\t\t#gallery-1 .gallery-caption {\n\t\t\t\tmargin-left: 0;\n\t\t\t}\n\t\t\t\/* see gallery_shortcode() in wp-includes\/media.php *\/\n\t\t<\/style>\n\t\t<div id='gallery-1' class='gallery galleryid-722 gallery-columns-4 gallery-size-thumbnail'><dl class='gallery-item'>\n\t\t\t<dt class='gallery-icon landscape'>\n\t\t\t\t<a href='https:\/\/www.suedcon.de\/wordpress\/wp-content\/uploads\/2017\/11\/DSC03898K.jpg'><img width=\"150\" height=\"150\" src=\"https:\/\/www.suedcon.de\/wordpress\/wp-content\/uploads\/2017\/11\/DSC03898K-150x150.jpg\" class=\"attachment-thumbnail size-thumbnail\" alt=\"\" decoding=\"async\" loading=\"lazy\" \/><\/a>\n\t\t\t<\/dt><\/dl><dl class='gallery-item'>\n\t\t\t<dt class='gallery-icon landscape'>\n\t\t\t\t<a href='https:\/\/www.suedcon.de\/wordpress\/wp-content\/uploads\/2017\/11\/DSC03899K.jpg'><img width=\"150\" height=\"150\" src=\"https:\/\/www.suedcon.de\/wordpress\/wp-content\/uploads\/2017\/11\/DSC03899K-150x150.jpg\" class=\"attachment-thumbnail size-thumbnail\" alt=\"\" decoding=\"async\" loading=\"lazy\" \/><\/a>\n\t\t\t<\/dt><\/dl><dl class='gallery-item'>\n\t\t\t<dt class='gallery-icon landscape'>\n\t\t\t\t<a href='https:\/\/www.suedcon.de\/wordpress\/wp-content\/uploads\/2017\/11\/DSC03900K.jpg'><img width=\"150\" height=\"150\" src=\"https:\/\/www.suedcon.de\/wordpress\/wp-content\/uploads\/2017\/11\/DSC03900K-150x150.jpg\" class=\"attachment-thumbnail size-thumbnail\" alt=\"\" decoding=\"async\" loading=\"lazy\" \/><\/a>\n\t\t\t<\/dt><\/dl><dl class='gallery-item'>\n\t\t\t<dt class='gallery-icon landscape'>\n\t\t\t\t<a href='https:\/\/www.suedcon.de\/wordpress\/wp-content\/uploads\/2017\/11\/DSC03903K.jpg'><img width=\"150\" height=\"150\" src=\"https:\/\/www.suedcon.de\/wordpress\/wp-content\/uploads\/2017\/11\/DSC03903K-150x150.jpg\" class=\"attachment-thumbnail size-thumbnail\" alt=\"\" decoding=\"async\" loading=\"lazy\" \/><\/a>\n\t\t\t<\/dt><\/dl><br style=\"clear: both\" \/><dl class='gallery-item'>\n\t\t\t<dt class='gallery-icon landscape'>\n\t\t\t\t<a href='https:\/\/www.suedcon.de\/wordpress\/wp-content\/uploads\/2017\/11\/DSC03904K.jpg'><img width=\"150\" height=\"150\" src=\"https:\/\/www.suedcon.de\/wordpress\/wp-content\/uploads\/2017\/11\/DSC03904K-150x150.jpg\" class=\"attachment-thumbnail size-thumbnail\" alt=\"\" decoding=\"async\" loading=\"lazy\" \/><\/a>\n\t\t\t<\/dt><\/dl><dl class='gallery-item'>\n\t\t\t<dt class='gallery-icon landscape'>\n\t\t\t\t<a href='https:\/\/www.suedcon.de\/wordpress\/wp-content\/uploads\/2017\/11\/DSC03909K.jpg'><img width=\"150\" height=\"150\" src=\"https:\/\/www.suedcon.de\/wordpress\/wp-content\/uploads\/2017\/11\/DSC03909K-150x150.jpg\" class=\"attachment-thumbnail size-thumbnail\" alt=\"\" decoding=\"async\" loading=\"lazy\" \/><\/a>\n\t\t\t<\/dt><\/dl><dl class='gallery-item'>\n\t\t\t<dt class='gallery-icon landscape'>\n\t\t\t\t<a href='https:\/\/www.suedcon.de\/wordpress\/wp-content\/uploads\/2017\/11\/DSC03910K.jpg'><img width=\"150\" height=\"150\" src=\"https:\/\/www.suedcon.de\/wordpress\/wp-content\/uploads\/2017\/11\/DSC03910K-150x150.jpg\" class=\"attachment-thumbnail size-thumbnail\" alt=\"\" decoding=\"async\" loading=\"lazy\" \/><\/a>\n\t\t\t<\/dt><\/dl><dl class='gallery-item'>\n\t\t\t<dt class='gallery-icon landscape'>\n\t\t\t\t<a href='https:\/\/www.suedcon.de\/wordpress\/wp-content\/uploads\/2017\/11\/DSC03914K.jpg'><img width=\"150\" height=\"150\" src=\"https:\/\/www.suedcon.de\/wordpress\/wp-content\/uploads\/2017\/11\/DSC03914K-150x150.jpg\" class=\"attachment-thumbnail size-thumbnail\" alt=\"\" decoding=\"async\" loading=\"lazy\" \/><\/a>\n\t\t\t<\/dt><\/dl><br style=\"clear: both\" \/><dl class='gallery-item'>\n\t\t\t<dt class='gallery-icon landscape'>\n\t\t\t\t<a href='https:\/\/www.suedcon.de\/wordpress\/wp-content\/uploads\/2017\/11\/DSC03915K.jpg'><img width=\"150\" height=\"150\" src=\"https:\/\/www.suedcon.de\/wordpress\/wp-content\/uploads\/2017\/11\/DSC03915K-150x150.jpg\" class=\"attachment-thumbnail size-thumbnail\" alt=\"\" decoding=\"async\" loading=\"lazy\" \/><\/a>\n\t\t\t<\/dt><\/dl><dl class='gallery-item'>\n\t\t\t<dt class='gallery-icon landscape'>\n\t\t\t\t<a href='https:\/\/www.suedcon.de\/wordpress\/wp-content\/uploads\/2017\/11\/DSC03916K.jpg'><img width=\"150\" height=\"150\" src=\"https:\/\/www.suedcon.de\/wordpress\/wp-content\/uploads\/2017\/11\/DSC03916K-150x150.jpg\" class=\"attachment-thumbnail size-thumbnail\" alt=\"\" decoding=\"async\" loading=\"lazy\" \/><\/a>\n\t\t\t<\/dt><\/dl><dl class='gallery-item'>\n\t\t\t<dt class='gallery-icon landscape'>\n\t\t\t\t<a href='https:\/\/www.suedcon.de\/wordpress\/wp-content\/uploads\/2017\/11\/DSC03917K.jpg'><img width=\"150\" height=\"150\" src=\"https:\/\/www.suedcon.de\/wordpress\/wp-content\/uploads\/2017\/11\/DSC03917K-150x150.jpg\" class=\"attachment-thumbnail size-thumbnail\" alt=\"\" decoding=\"async\" loading=\"lazy\" \/><\/a>\n\t\t\t<\/dt><\/dl><dl class='gallery-item'>\n\t\t\t<dt class='gallery-icon landscape'>\n\t\t\t\t<a href='https:\/\/www.suedcon.de\/wordpress\/wp-content\/uploads\/2017\/11\/DSC03918K.jpg'><img width=\"150\" height=\"150\" src=\"https:\/\/www.suedcon.de\/wordpress\/wp-content\/uploads\/2017\/11\/DSC03918K-150x150.jpg\" class=\"attachment-thumbnail size-thumbnail\" alt=\"\" decoding=\"async\" loading=\"lazy\" \/><\/a>\n\t\t\t<\/dt><\/dl><br style=\"clear: both\" \/><dl class='gallery-item'>\n\t\t\t<dt class='gallery-icon landscape'>\n\t\t\t\t<a href='https:\/\/www.suedcon.de\/wordpress\/wp-content\/uploads\/2017\/11\/DSC03919K.jpg'><img width=\"150\" height=\"150\" src=\"https:\/\/www.suedcon.de\/wordpress\/wp-content\/uploads\/2017\/11\/DSC03919K-150x150.jpg\" class=\"attachment-thumbnail size-thumbnail\" alt=\"\" decoding=\"async\" loading=\"lazy\" \/><\/a>\n\t\t\t<\/dt><\/dl><dl class='gallery-item'>\n\t\t\t<dt class='gallery-icon landscape'>\n\t\t\t\t<a href='https:\/\/www.suedcon.de\/wordpress\/wp-content\/uploads\/2017\/11\/DSC03920K.jpg'><img width=\"150\" height=\"150\" src=\"https:\/\/www.suedcon.de\/wordpress\/wp-content\/uploads\/2017\/11\/DSC03920K-150x150.jpg\" class=\"attachment-thumbnail size-thumbnail\" alt=\"\" decoding=\"async\" loading=\"lazy\" \/><\/a>\n\t\t\t<\/dt><\/dl><dl class='gallery-item'>\n\t\t\t<dt class='gallery-icon landscape'>\n\t\t\t\t<a href='https:\/\/www.suedcon.de\/wordpress\/wp-content\/uploads\/2017\/11\/DSC03921K.jpg'><img width=\"150\" height=\"150\" src=\"https:\/\/www.suedcon.de\/wordpress\/wp-content\/uploads\/2017\/11\/DSC03921K-150x150.jpg\" class=\"attachment-thumbnail size-thumbnail\" alt=\"\" decoding=\"async\" loading=\"lazy\" \/><\/a>\n\t\t\t<\/dt><\/dl><dl class='gallery-item'>\n\t\t\t<dt class='gallery-icon landscape'>\n\t\t\t\t<a href='https:\/\/www.suedcon.de\/wordpress\/wp-content\/uploads\/2017\/11\/DSC03922K.jpg'><img width=\"150\" height=\"150\" src=\"https:\/\/www.suedcon.de\/wordpress\/wp-content\/uploads\/2017\/11\/DSC03922K-150x150.jpg\" class=\"attachment-thumbnail size-thumbnail\" alt=\"\" decoding=\"async\" loading=\"lazy\" \/><\/a>\n\t\t\t<\/dt><\/dl><br style=\"clear: both\" \/><dl class='gallery-item'>\n\t\t\t<dt class='gallery-icon landscape'>\n\t\t\t\t<a href='https:\/\/www.suedcon.de\/wordpress\/wp-content\/uploads\/2017\/11\/DSC03923K.jpg'><img width=\"150\" height=\"150\" src=\"https:\/\/www.suedcon.de\/wordpress\/wp-content\/uploads\/2017\/11\/DSC03923K-150x150.jpg\" class=\"attachment-thumbnail size-thumbnail\" alt=\"\" decoding=\"async\" loading=\"lazy\" \/><\/a>\n\t\t\t<\/dt><\/dl><dl class='gallery-item'>\n\t\t\t<dt class='gallery-icon landscape'>\n\t\t\t\t<a href='https:\/\/www.suedcon.de\/wordpress\/wp-content\/uploads\/2017\/11\/DSC03924K.jpg'><img width=\"150\" height=\"150\" src=\"https:\/\/www.suedcon.de\/wordpress\/wp-content\/uploads\/2017\/11\/DSC03924K-150x150.jpg\" class=\"attachment-thumbnail size-thumbnail\" alt=\"\" decoding=\"async\" loading=\"lazy\" \/><\/a>\n\t\t\t<\/dt><\/dl><dl class='gallery-item'>\n\t\t\t<dt class='gallery-icon landscape'>\n\t\t\t\t<a href='https:\/\/www.suedcon.de\/wordpress\/wp-content\/uploads\/2017\/11\/DSC03925K.jpg'><img width=\"150\" height=\"150\" src=\"https:\/\/www.suedcon.de\/wordpress\/wp-content\/uploads\/2017\/11\/DSC03925K-150x150.jpg\" class=\"attachment-thumbnail size-thumbnail\" alt=\"\" decoding=\"async\" loading=\"lazy\" \/><\/a>\n\t\t\t<\/dt><\/dl><dl class='gallery-item'>\n\t\t\t<dt class='gallery-icon landscape'>\n\t\t\t\t<a href='https:\/\/www.suedcon.de\/wordpress\/wp-content\/uploads\/2017\/11\/DSC03926K.jpg'><img width=\"150\" height=\"150\" src=\"https:\/\/www.suedcon.de\/wordpress\/wp-content\/uploads\/2017\/11\/DSC03926K-150x150.jpg\" class=\"attachment-thumbnail size-thumbnail\" alt=\"\" decoding=\"async\" loading=\"lazy\" \/><\/a>\n\t\t\t<\/dt><\/dl><br style=\"clear: both\" \/><dl class='gallery-item'>\n\t\t\t<dt class='gallery-icon landscape'>\n\t\t\t\t<a href='https:\/\/www.suedcon.de\/wordpress\/wp-content\/uploads\/2017\/11\/DSC03927K.jpg'><img width=\"150\" height=\"150\" src=\"https:\/\/www.suedcon.de\/wordpress\/wp-content\/uploads\/2017\/11\/DSC03927K-150x150.jpg\" class=\"attachment-thumbnail size-thumbnail\" alt=\"\" decoding=\"async\" loading=\"lazy\" \/><\/a>\n\t\t\t<\/dt><\/dl><dl class='gallery-item'>\n\t\t\t<dt class='gallery-icon landscape'>\n\t\t\t\t<a href='https:\/\/www.suedcon.de\/wordpress\/wp-content\/uploads\/2017\/11\/DSC03928K.jpg'><img width=\"150\" height=\"150\" src=\"https:\/\/www.suedcon.de\/wordpress\/wp-content\/uploads\/2017\/11\/DSC03928K-150x150.jpg\" class=\"attachment-thumbnail size-thumbnail\" alt=\"\" decoding=\"async\" loading=\"lazy\" \/><\/a>\n\t\t\t<\/dt><\/dl><dl class='gallery-item'>\n\t\t\t<dt class='gallery-icon landscape'>\n\t\t\t\t<a href='https:\/\/www.suedcon.de\/wordpress\/wp-content\/uploads\/2017\/11\/DSC03929K.jpg'><img width=\"150\" height=\"150\" src=\"https:\/\/www.suedcon.de\/wordpress\/wp-content\/uploads\/2017\/11\/DSC03929K-150x150.jpg\" class=\"attachment-thumbnail size-thumbnail\" alt=\"\" decoding=\"async\" loading=\"lazy\" \/><\/a>\n\t\t\t<\/dt><\/dl><dl class='gallery-item'>\n\t\t\t<dt class='gallery-icon landscape'>\n\t\t\t\t<a href='https:\/\/www.suedcon.de\/wordpress\/wp-content\/uploads\/2017\/11\/DSC03930K.jpg'><img width=\"150\" height=\"150\" src=\"https:\/\/www.suedcon.de\/wordpress\/wp-content\/uploads\/2017\/11\/DSC03930K-150x150.jpg\" class=\"attachment-thumbnail size-thumbnail\" alt=\"\" decoding=\"async\" loading=\"lazy\" \/><\/a>\n\t\t\t<\/dt><\/dl><br style=\"clear: both\" \/><dl class='gallery-item'>\n\t\t\t<dt class='gallery-icon landscape'>\n\t\t\t\t<a href='https:\/\/www.suedcon.de\/wordpress\/wp-content\/uploads\/2017\/11\/DSC03932K.jpg'><img width=\"150\" height=\"150\" src=\"https:\/\/www.suedcon.de\/wordpress\/wp-content\/uploads\/2017\/11\/DSC03932K-150x150.jpg\" class=\"attachment-thumbnail size-thumbnail\" alt=\"\" decoding=\"async\" loading=\"lazy\" \/><\/a>\n\t\t\t<\/dt><\/dl><dl class='gallery-item'>\n\t\t\t<dt class='gallery-icon landscape'>\n\t\t\t\t<a href='https:\/\/www.suedcon.de\/wordpress\/wp-content\/uploads\/2017\/11\/DSC03933K.jpg'><img width=\"150\" height=\"150\" src=\"https:\/\/www.suedcon.de\/wordpress\/wp-content\/uploads\/2017\/11\/DSC03933K-150x150.jpg\" class=\"attachment-thumbnail size-thumbnail\" alt=\"\" decoding=\"async\" loading=\"lazy\" \/><\/a>\n\t\t\t<\/dt><\/dl><dl class='gallery-item'>\n\t\t\t<dt class='gallery-icon landscape'>\n\t\t\t\t<a href='https:\/\/www.suedcon.de\/wordpress\/wp-content\/uploads\/2017\/11\/DSC03934K.jpg'><img width=\"150\" height=\"150\" src=\"https:\/\/www.suedcon.de\/wordpress\/wp-content\/uploads\/2017\/11\/DSC03934K-150x150.jpg\" class=\"attachment-thumbnail size-thumbnail\" alt=\"\" decoding=\"async\" loading=\"lazy\" \/><\/a>\n\t\t\t<\/dt><\/dl><dl class='gallery-item'>\n\t\t\t<dt class='gallery-icon landscape'>\n\t\t\t\t<a href='https:\/\/www.suedcon.de\/wordpress\/wp-content\/uploads\/2017\/11\/DSC03935K.jpg'><img width=\"150\" height=\"150\" src=\"https:\/\/www.suedcon.de\/wordpress\/wp-content\/uploads\/2017\/11\/DSC03935K-150x150.jpg\" class=\"attachment-thumbnail size-thumbnail\" alt=\"\" decoding=\"async\" loading=\"lazy\" \/><\/a>\n\t\t\t<\/dt><\/dl><br style=\"clear: both\" \/><dl class='gallery-item'>\n\t\t\t<dt class='gallery-icon landscape'>\n\t\t\t\t<a href='https:\/\/www.suedcon.de\/wordpress\/wp-content\/uploads\/2017\/11\/DSC03936K.jpg'><img width=\"150\" height=\"150\" src=\"https:\/\/www.suedcon.de\/wordpress\/wp-content\/uploads\/2017\/11\/DSC03936K-150x150.jpg\" class=\"attachment-thumbnail size-thumbnail\" alt=\"\" decoding=\"async\" loading=\"lazy\" \/><\/a>\n\t\t\t<\/dt><\/dl><dl class='gallery-item'>\n\t\t\t<dt class='gallery-icon landscape'>\n\t\t\t\t<a href='https:\/\/www.suedcon.de\/wordpress\/wp-content\/uploads\/2017\/11\/DSC03937K.jpg'><img width=\"150\" height=\"150\" src=\"https:\/\/www.suedcon.de\/wordpress\/wp-content\/uploads\/2017\/11\/DSC03937K-150x150.jpg\" class=\"attachment-thumbnail size-thumbnail\" alt=\"\" decoding=\"async\" loading=\"lazy\" \/><\/a>\n\t\t\t<\/dt><\/dl><dl class='gallery-item'>\n\t\t\t<dt class='gallery-icon landscape'>\n\t\t\t\t<a href='https:\/\/www.suedcon.de\/wordpress\/wp-content\/uploads\/2017\/11\/DSC03938K.jpg'><img width=\"150\" height=\"150\" src=\"https:\/\/www.suedcon.de\/wordpress\/wp-content\/uploads\/2017\/11\/DSC03938K-150x150.jpg\" class=\"attachment-thumbnail size-thumbnail\" alt=\"\" decoding=\"async\" loading=\"lazy\" \/><\/a>\n\t\t\t<\/dt><\/dl><dl class='gallery-item'>\n\t\t\t<dt class='gallery-icon landscape'>\n\t\t\t\t<a href='https:\/\/www.suedcon.de\/wordpress\/wp-content\/uploads\/2017\/11\/DSC03939K.jpg'><img width=\"150\" height=\"150\" src=\"https:\/\/www.suedcon.de\/wordpress\/wp-content\/uploads\/2017\/11\/DSC03939K-150x150.jpg\" class=\"attachment-thumbnail size-thumbnail\" alt=\"\" decoding=\"async\" loading=\"lazy\" \/><\/a>\n\t\t\t<\/dt><\/dl><br style=\"clear: both\" \/><dl class='gallery-item'>\n\t\t\t<dt class='gallery-icon landscape'>\n\t\t\t\t<a href='https:\/\/www.suedcon.de\/wordpress\/wp-content\/uploads\/2017\/11\/DSC03940K.jpg'><img width=\"150\" height=\"150\" src=\"https:\/\/www.suedcon.de\/wordpress\/wp-content\/uploads\/2017\/11\/DSC03940K-150x150.jpg\" class=\"attachment-thumbnail size-thumbnail\" alt=\"\" decoding=\"async\" loading=\"lazy\" \/><\/a>\n\t\t\t<\/dt><\/dl><dl class='gallery-item'>\n\t\t\t<dt class='gallery-icon landscape'>\n\t\t\t\t<a href='https:\/\/www.suedcon.de\/wordpress\/wp-content\/uploads\/2017\/11\/DSC03941K.jpg'><img width=\"150\" height=\"150\" src=\"https:\/\/www.suedcon.de\/wordpress\/wp-content\/uploads\/2017\/11\/DSC03941K-150x150.jpg\" class=\"attachment-thumbnail size-thumbnail\" alt=\"\" decoding=\"async\" loading=\"lazy\" \/><\/a>\n\t\t\t<\/dt><\/dl>\n\t\t\t<br style='clear: both' \/>\n\t\t<\/div>\n\n<p>Bilder von 17. S\u00fcdcon am 23. bis 26. November 2017 in Erpfingen-Sonnenb\u00fchl.<br \/>\nGanz besonderen Dank an meinen &#8222;Lichtbringer&#8220; f\u00fcr die Assistenz mit dem Blitzlicht!!<\/p>\n<p>Solltest du mit der Ver\u00f6ffentlichung deines Fotos hier nicht einverstanden sein sende bitte eine kurze E-Mail an\u00a0<em>anmeldung -at- suedcon -punkt- de<\/em>. Wir werden die entsprechenden Bilder dann so schnell wie m\u00f6glich entfernen.<\/p>\n<\/div>\n<\/div>\n","protected":false},"excerpt":{"rendered":"<p>Bilder von 17. S\u00fcdcon am 23. bis 26. November 2017 in Erpfingen-Sonnenb\u00fchl. Ganz besonderen Dank an meinen &#8222;Lichtbringer&#8220; f\u00fcr die Assistenz mit dem Blitzlicht!! Solltest du mit der Ver\u00f6ffentlichung deines Fotos hier nicht einverstanden sein sende bitte eine kurze E-Mail &hellip; <a href=\"https:\/\/www.suedcon.de\/wordpress\/veranstaltung\/fotoalbum-suedcon-2017\/\">Weiterlesen <span class=\"meta-nav\">&rarr;<\/span><\/a><\/p>\n","protected":false},"author":5,"featured_media":0,"parent":26,"menu_order":7,"comment_status":"closed","ping_status":"open","template":"","meta":[],"_links":{"self":[{"href":"https:\/\/www.suedcon.de\/wordpress\/wp-json\/wp\/v2\/pages\/722"}],"collection":[{"href":"https:\/\/www.suedcon.de\/wordpress\/wp-json\/wp\/v2\/pages"}],"about":[{"href":"https:\/\/www.suedcon.de\/wordpress\/wp-json\/wp\/v2\/types\/page"}],"author":[{"embeddable":true,"href":"https:\/\/www.suedcon.de\/wordpress\/wp-json\/wp\/v2\/users\/5"}],"replies":[{"embeddable":true,"href":"https:\/\/www.suedcon.de\/wordpress\/wp-json\/wp\/v2\/comments?post=722"}],"version-history":[{"count":4,"href":"https:\/\/www.suedcon.de\/wordpress\/wp-json\/wp\/v2\/pages\/722\/revisions"}],"predecessor-version":[{"id":855,"href":"https:\/\/www.suedcon.de\/wordpress\/wp-json\/wp\/v2\/pages\/722\/revisions\/855"}],"up":[{"embeddable":true,"href":"https:\/\/www.suedcon.de\/wordpress\/wp-json\/wp\/v2\/pages\/26"}],"wp:attachment":[{"href":"https:\/\/www.suedcon.de\/wordpress\/wp-json\/wp\/v2\/media?parent=722"}],"curies":[{"name":"wp","href":"https:\/\/api.w.org\/{rel}","templated":true}]}}